*3/3 - 13*l**2/2 + 95*l + 73. Let o be h(-18). What is r(o)?
-10
Suppose 0 = 5*z + 26 - 71. Suppose -1 = w - 3*y - z, y - 2 = w. Let h(x) = 3*x - 4. Let j(b) = 3*b - 5. Let u(a) = w*h(a) + 6*j(a). Determine u(-2).
4
Let d(b) be the second derivative of -b**4/12 - b**2 - 2539*b - 2. Calculate d(0).
-2
Let l be (9*8/(-60))/(2/10). Let h be -1 - l/(-2) - -94. Suppose 18 = -9*m + h. Let k(g) = g**3 - 7*g**2 - 8*g - 11. Determine k(m).
-11
Let a(x) = -7*x + 1. Let h = -12726 - -12718. Give a(h).
57
Suppose h - 42*h + 344 = 2*h. Let n(l) = 2*l + 10. Determine n(h).
26
Let i = -8414 - -16829/2. Let l(s) be the second derivative of -1/6*s**3 + 15*s - i*s**2 + 0. What is l(1)?
-2
Suppose 1 = 2*w - r, 0 = -w - 0*r + r - 1. Suppose -w*o + m = -15, 4*o + 2*m - 27 = -1. Let g(x) = 5*x - 24. Determine g(o).
11
Let y(c) = -c + 4. Let n(r) = -23*r + 20. Let u(d) = n(d) - 4*y(d). Give u(-1).
23
Let o(d) = 8*d**2 - 46*d + 14*d - 32*d - 11*d**2 - 21. What is o(-21)?
0
Let a be (3 - (-18)/(-14))/((-5)/(-665)). Let y = -223 + a. Let f(s) = -s**2 + 6*s + 5. Calculate f(y).
10
Let r(l) = -3*l + 6. Let b(p) = -19*p + 150. Let m(d) = 2*d - 2. Let y(v) = -b(v) - 5*m(v). Let o be y(16). What is r(o)?
-6
Let o(d) = 7*d**3 - 3*d**2 - 6*d. Let f(x) = 2*x**3 + 3*x**2 + 9*x - 2. Let q be f(0). Determine o(q).
-56
Let w be (6/4)/((-9)/(-12)). Suppose 4*i + 27 = 3*o, w*o + 4 + 6 = -2*i. Let l(h) = 3*h + 7. What is l(i)?
-11
Let h(k) = -k**3 + 11*k**2 - 11*k + 13. Let z be h(10). Let t(v) = -1 + 7 - 10*v**2 + v**z + 8 + 0*v + 2 - 12*v. Suppose -3*m = -0*m - 33. Determine t(m).
5
Let m(s) = s**3 + 10*s**2 + 13*s + 4. Let w(g) = -2*g**2 - 4*g + 1. Let l(c) = -m(c) - 4*w(c). Give l(-4).
12
Let h be (-5 - -12) + -3 - 1. Suppose 0 = h*j + 2*u + 8, 0 = -j + u - 5*u + 4. Let s(y) = -y - 4. Calculate s(j).
0
Let k(l) = 7*l - 9. Let o(u) = u**3 - 18*u**2 + 18*u - 16. Let i be o(17). Let a be k(i). Let m(z) = -2*z**3 + 3*z + 3. Calculate m(a).
13
Let z(q) = 64 - 117*q - 121*q - 118*q + 465*q - 124*q. Give z(6).
-26
Let r(w) = w**2 - 5*w + 31. Let f(y) = 2*y**2 - 6*y + 41. Let l(i) = 3*f(i) - 4*r(i). Give l(3).
23
Let p be (-4)/6 + 120/18. Let b(x) = -x**3 + 2 + 2 + p*x**2 - 2*x - 5*x. Suppose -2*q - 1 = -t, 5*t - 43 = 2*q - 22. Give b(t).
-6
Let w(j) = -2*j + 2. Suppose -14*n - 64 = -16*n - b, -n + 32 = -2*b. Suppose 11*p + 5*p - n = 0. Give w(p).
-2
Let k(a) = -5*a - 14. Let o be k(-4). Suppose -100*i - o = -106*i. Let s(u) = -u**3 - u**2 + 2*u - 1. Calculate s(i).
-1
Let f(a) be the third derivative of 17*a**4/12 + 7*a**3/6 + a**2 + 61. What is f(-3)?
-95
Let x(g) be the second derivative of g**5/20 + 13*g**4/12 + g**3 + 28*g**2 + 4255*g. Give x(-13).
-22
Suppose -5*u - 35 = 107*x - 112*x, 3*x - 4*u = 18. Let z(o) = -6*o**2 + 57*o + 23. Calculate z(x).
-7
Suppose -v - 211*j + 218*j + 74 = 0, 3*v + 12 = -5*j. Let l(w) = 2*w**2 - 25*w - 4. Determine l(v).
-37
Let m(b) = 2*b + 9. Suppose -i = 2*r - 0 + 2, 2*r = 5*i + 22. Let h(f) = f + 1. Let c(u) = r*m(u) - 4*h(u). Let y = -116 - -123. Give c(y).
-9
Let d(r) = 203*r - 189*r - 7*r - 55. Calculate d(7).
-6
Let a(b) = -189*b**2 + 382*b**2 - 195*b**2 + 7 - b + b**3 - 6. What is a(-1)?
-1
Let p(s) = -s**3 + 20*s**2 + 19*s + 30. Let n be ((-304)/(-228) + 1 + (-16)/3)*-7. What is p(n)?
-12
Let h(z) = -67*z + 1953. Let m be h(29). Let r(b) = -b**3 + 9*b**2 + 14*b - 2. Give r(m).
38
Let x(j) = j**2 + 35*j - 98. Let f(b) = b**2 + 28*b - 99. Let k(o) = 4*f(o) - 3*x(o). Determine k(-14).
-4
Let r(q) = -q**2 - 9*q + 8. Let j(f) be the second derivative of -f**4/4 - 5*f**3/6 - 4*f**2 - 91*f. Let z be j(-2). What is r(z)?
-2
Let l = 341 - 335. Let d(n) = l*n + 10*n**3 - 9*n**3 - 6 - 988*n**2 + 996*n**2. Suppose 3*b + 24 - 3 = 0. Give d(b).
1
Let o(u) = 2*u**2 - 4*u + 1. Let q(d) = -d**3 + 18*d**2 + 18*d + 21. Let m be q(19). Suppose -4*w - m*w = 24. Let f be (-3 + 3 + (-2)/w)*6. Calculate o(f).
7
Let p = -92 - -66. Let z = 37 + p. Let c(v) = -z + 2*v - 2 - 7 + 21. Determine c(5).
11
Let c(w) = w**2 + 8*w - 46. Suppose -m - 1 - 14 = r, m = -4*r - 51. Give c(r).
2
Suppose -7*d = -5*d - 110. Let k = 62 - d. Let m(a) = -k + 0 - 8*a**2 - 5*a**3 + 0*a**3 + 9*a + 4*a**3. Give m(-9).
-7
Let h(d) = -d**3 + 13*d**2 + 15*d - 5. Let p(j) = 4*j**3 - 53*j**2 - 56*j + 20. Let v(n) = -13*h(n) - 3*p(n). Calculate v(12).
-31
Let s(b) = -4*b - 2. Let z(x) = x**3 - 13*x**2 + 11*x + 16. Let o be z(12). Suppose 10 = f - 5*r, o*f + r = 6*r - 5. What is s(f)?
18
Let u(z) = -z**2 + z + 8. Let k = -335 - -374. Suppose -k = -13*p + 39. Give u(p).
-22
Suppose 2*k + 12 = -0*k. Let b(d) = -361*d - 3. Let j(o) = -90*o + 1. Let q(v) = b(v) - 4*j(v). Calculate q(k).
-1
Let t(a) = 3*a**2 - 29*a - 215. Let p(d) = 2*d**2 + d - 1. Let h(z) = -p(z) + t(z). Let i be h(36). Let s(f) = -4*f**3 + 2*f**2 + 2*f. Calculate s(i).
-20
Let t(w) be the first derivative of -w - 84 + 11/4*w**4 + 1/3*w**3 + 0*w**2. Give t(1).
11
Suppose 0*t - 5*t = -50. Let j be 26/10*(3 - t/(-5)). Let h(f) = f**2 - 13*f + 1. Give h(j).
1
Let o(n) = n + 9. Suppose 4*q - 80 = 4*i, -q + 0*q + 14 = 5*i. Suppose 3*v = 3*r + 1 - q, 4*v = -4*r - 24. What is o(v)?
3
Suppose 0 = -717*r - 512*r + 6145. Let s(u) = u**2 - 5*u - 2. Let m(l) = -5*l**2 + 25*l + 10. Let n(k) = 2*m(k) + 11*s(k). Calculate n(r).
-2
Let x(g) = g**3 + 7*g**2 + 9*g + 9. Let n(h) = 17*h + 29. Let z be n(-2). Give x(z).
14
Suppose 3*g + 33 = 3*f - 27, -f = -3*g - 64. Let c = g + 18. Let v(w) = 3*w + 185*w**2 - 373*w**2 + w**3 - 1 + w + 192*w**2. Calculate v(c).
-17
Let n(d) = -13*d + 28*d + 4*d + 2 + 4*d + 20*d. Calculate n(1).
45
Let m(q) = 537 - 6*q**2 + q**3 + 0*q**3 - 542 - 8*q + q**2. Determine m(5).
-45
Let w(u) = u - 2. Let p be (-135)/(-25) + (-36)/90. Suppose 5*m + 24 = -2*b + 40, 4*m + p*b - 23 = 0. What is w(m)?
0
Let h(j) be the second derivative of j**4/4 + j**3/3 - 9435*j. Let i = 4 + -2. Calculate h(i).
16
Suppose g + 3*h + 15 = 0, 0*g + 2*g + h + 25 = 0. Let i(z) = 12*z + z**2 + 23 + 19 + 49 - 101 - 2*z. Determine i(g).
14
Suppose -44 = -n + 19. Let i = -15 - -33. Let r be (-2)/7 + i/n. Let f(h) = -h**3 - h**2 + h - 11. Give f(r).
-11
Suppose 3*w + 15 = 30. Suppose -9*x - w - 13 = 0. Let n(m) = 2*m**2 + 2*m. Determine n(x).
4
Let y = -530 - -547. Let f(k) = -k**2 + 1 - y*k - 8 - 11*k + 40*k. What is f(9)?
20
Let y be -7 + (-4)/16*0. Let p(x) = -21*x**2 - 105*x + 25. Let d(w) = -5*w**2 - 25*w + 6. Let l(m) = -25*d(m) + 6*p(m). Give l(y).
-14
Let d(o) = 20*o - 1. Let w be d(-1). Let n = w - -30. Suppose 0 = -4*g + 5*g - n. Let a(x) = -x**2 + 10*x - 13. Determine a(g).
-4
Let w = 7 - 12. Let p(d) = 59*d + 7 - 50*d - 8*d. Give p(w).
2
Let q(k) = 11*k**2 - 5*k - 1. Let b(m) = -m**2 + m. Let j(u) = 5*b(u) + q(u). Suppose -2*z = 2*a + 12, -1 - 3 = z. Calculate j(a).
23
Suppose 0 = 3*f + 6*f - 432. Let w = 54 - f. Let u(t) be the third derivative of -t**5/60 + 7*t**4/24 + 7*t**3/6 - 2*t**2. What is u(w)?
13
Let v(r) = r**3 - 6*r**2 - r - 3. Suppose -z + 2 = i, 0 = 22*z - 26*z - 5*i + 8. Let c be (8 - z - 12) + 12. Determine v(c).
-9
Let d(o) = -o**2 + 6*o - o**3 + o - 3*o**2 + 5. Let l(q) = 3*q**2 - 24*q - 52. Let x be l(-2). Suppose u + j + x = 0, 37*j - 39*j = -4*u - 14. Determine d(u).
-5
Let w(j) = -j + 8. Let t(u) = -5 - 10 - 8 + 21. Let n(y) = 7*t(y) + 2*w(y). Determine n(10).
-18
Let z(f) = 5*f**3 + 5*f**2 - 11*f - 22. Let r(i) = 3*i**3 + 4*i**2 - 7*i - 15. Let d be (8*-1)/(55/55). Let c(y) = d*r(y) + 5*z(y). What is c(7)?
17
Suppose -44 = -2*s - 2*x, s - 5*x = 2*s - 18. Let r(k) = -s*k + 52*k - 5 - 22*k - 14*k. Calculate r(5).
-40
Let m(l) = -l**3 + 14*l**2 - 21*l - 6. Let w be (-3)/(((-2)/(-28))/(206/(-721))). Determine m(w).
30
Let h(r) = -r**3 + 3*r**2 + r + 12. Let o be h(5). Let t = o + 37. Let v(i) = -3*i + 2 + 0 + t*i + 1. Calculate v(4).
7
Let r(v) = 2*v**3 + v**2 - v - 2. Let g(h) = -9*h**3 + 15*h**2 + 24*h - 16. Let j(s) = -g(s) - 4*r(s). Calculate j(20).
24
Suppose 5 = -4*f - p - 1, 10 = -3*f + 2*p. Let r be (-5 + f + 2)*(-7)/(-7). Let c(a) = -a**2 - 3*a - 2. Determine c(r).
-12
Let c(k) = -k**3 - 7*k**2 + 4*k - 2. Let s be -2*(-6 + 3/((-114)/20 + 6)). What is c(s)?
30
Let x(u) be the second derivative of -u**3/6 - u**2/2 + 8*u. Let l = 247 + -241. Let y(t) = -2*t**2 + 13*t - 4. Let i be y(l). Determine x(i).
-3
Let j(h) be th